 prime factors of 71258772?
2, 3, 13, 293, 1559
What are the prime factors of 37067921?
11, 3369811
What are the prime factors of 186759580?
2, 5, 7, 149, 1279
What are the prime factors of 172294463?
11, 15663133
List the prime factors of 378355461.
3, 11, 467, 24551
What are the prime factors of 189080637?
3, 63026879
What are the prime factors of 854099356?
2, 11, 97, 200117
List the prime factors of 69036538.
2, 19, 41, 73, 607
What are the prime factors of 1798545023?
11, 1223, 133691
What are the prime factors of 4006706358?
2, 3, 19, 79, 444893
List the prime factors of 946266499.
946266499
What are the prime factors of 69767835?
3, 5, 61, 76249
What are the prime factors of 344329953?
3, 11, 79, 269, 491
What are the prime factors of 1653715890?
2, 3, 5, 3907, 4703
What are the prime factors of 817340142?
2, 3, 136223357
What are the prime factors of 504624079?
3319, 152041
What are the prime factors of 2852804727?
3, 5503, 57601
What are the prime factors of 5009931663?
3, 11, 89, 1705799
What are the prime factors of 74063270?
2, 5, 37, 200171
What are the prime factors of 5049356?
2, 13, 97103
What are the prime factors of 32765506?
2, 71, 230743
List the prime factors of 19668008.
2, 2458501
List the prime factors of 560674007.
71, 137, 57641
List the prime factors of 105261101.
11, 79, 89, 1361
What are the prime factors of 45726934?
2, 11, 2078497
List the prime factors of 9099937.
7, 11, 16883
List the prime factors of 44559820.
2, 5, 1031, 2161
What are the prime factors of 702254611?
19, 53, 697373
What are the prime factors of 68675404?
2, 7, 37, 151, 439
What are the prime factors of 260478246?
2, 3, 7, 6201863
List the prime factors of 831242760.
2, 3, 5, 6927023
List the prime factors of 1315239001.
29, 45353069
List the prime factors of 3957650825.
5, 23, 131, 52541
List the prime factors of 416467485.
3, 5, 7, 31, 42649
What are the prime factors of 10480533?
3, 7, 19, 26267
List the prime factors of 1048768928.
2, 32774029
What are the prime factors of 2545484935?
5, 7, 1223, 59467
List the prime factors of 3894754059.
3, 7, 23, 2687891
List the prime factors of 4170613151.
73, 107, 509, 1049
What are the prime factors of 467666560?
2, 5, 163, 4483
List the prime factors of 85051191.
3, 101, 280697
What are the prime factors of 43776846?
2, 3, 37, 65731
What are the prime factors of 979415973?
3, 9851, 11047
List the prime factors of 13735955.
5, 19, 144589
List the prime factors of 3647933223.
3, 11, 97, 1139623
List the prime factors of 356785315.
5, 23, 3102481
What are the prime factors of 1606583930?
2, 5, 7, 137, 233, 719
What are the prime factors of 491790600?
2, 3, 5, 7, 23, 1697
What are the prime factors of 3484569541?
41, 84989501
List the prime factors of 1432287282.
2, 3, 238714547
What are the prime factors of 264763520?
2, 5, 7, 113, 523
What are the prime factors of 2164379252?
2, 7, 89, 868531
List the prime factors of 1679358.
2, 3, 53, 5281
List the prime factors of 1409102009.
7, 201300287
What are the prime factors of 124426538?
2, 653, 95273
List the prime factors of 44302659.
3, 14767553
List the prime factors of 1636911711.
3, 181879079
What are the prime factors of 66964374?
2, 3, 1240081
What are the prime factors of 159692042?
2, 1151, 69371
What are the prime factors of 259889308?
2, 7, 463, 20047
What are the prime factors of 834019347?
3, 7, 5673601
What are the prime factors of 190239804?
2, 3, 5284439
List the prime factors of 87433365.
3, 5, 1429, 4079
List the prime factors of 107905628.
2, 3583, 7529
List the prime factors of 341602040.
2, 5, 13, 73, 8999
List the prime factors of 484282544.
2, 30267659
List the prime factors of 644341544.
2, 7, 11, 461, 2269
What are the prime factors of 138937355?
5, 27787471
What are the prime factors of 118050582?
2, 3, 13, 23, 2861
What are the prime factors of 638011295?
5, 149, 856391
What are the prime factors of 25643282?
2, 7, 227, 8069
What are the prime factors of 143420780?
2, 5, 181, 39619
What are the prime factors of 46286496?
2, 3, 173, 929
List the prime factors of 342484931.
31, 41, 269461
What are the prime factors of 84848114?
2, 13, 3263389
What are the prime factors of 176584192?
2, 193, 1787
List the prime factors of 675075546.
2, 3, 4167133
List the prime factors of 8832930.
2, 3, 5, 294431
What are the prime factors of 293285374?
2, 23, 6375769
List the prime factors of 185940527.
149, 1247923
List the prime factors of 628320412.
2, 4243, 37021
List the prime factors of 25272435.
3, 5, 1684829
What are the prime factors of 4732567034?
2, 13, 269, 676661
List the prime factors of 2581552578.
2, 3, 11, 17, 1151, 1999
What are the prime factors of 20728970?
2, 5, 2072897
List the prime factors of 1256563500.
2, 3, 5, 17, 49277
What are the prime factors of 2688446846?
2, 1344223423
List the prime factors of 38153126.
2, 11, 31, 43, 1301
What are the prime factors of 1653246702?
2, 3, 17, 53, 101939
What are the prime factors of 182407415?
5, 36481483
What are the prime factors of 532225112?
2, 19, 31, 112951
List the prime factors of 93091659.
3, 19, 1633187
List the prime factors of 1301051578.
2, 1459, 445871
List the prime factors of 825902046.
2, 3, 45883447
What are the prime factors of 72503366?
2, 13, 214507
List the prime factors of 26989837.
7, 550813
List the prime factors of 195212928.
2, 3, 508367
List the prime factors of 72674725.
5, 29, 59, 1699
What are the prime factors of 510164754?
2, 3, 11, 337, 22937
List the prime factors of 1561385517.
3, 397, 1310987
List the prime factors of 95866040.
2, 5, 2396651
What are the prime factors of 5664979?
5664979
List the prime factors of 86650274.
2, 787, 55051
List the prime factors of 54377779.
61, 891439
List the prime factors of 1002121443.
3, 73, 508433
List the prime factors of 299951209.
181, 1657189
List the prime factors of 325467984.
2, 3, 37, 183259
What are the prime factors of 2340812?
2, 443, 1321
List the prime factors of 222413613.
3, 74137871
List the prime factors of 118671295.
5, 23734259
What are the prime factors of 34554460?
2, 5, 31, 55733
List the prime factors of 875644353.
3, 97293817
List the prime factors of 215150605.
5, 43030121
List the prime factors of 139115534.
2, 1637, 42491
List the prime factors of 468658388.
2, 11, 10651327
List the prime factors of 76258976.
2, 673, 3541
List the prime factors of 3955059616.
2, 123595613
What are the prime factors of 355355134?
2, 61, 487, 5981
What are the prime factors of 80218420?
2, 5, 4010921
What are the prime factors of 93106218?
2, 3, 3463, 4481
What are the prime factors of 4748340439?
4748340439
List the prime factors of 814076027.
31, 257, 102181
List the prime factors of 787210935.
3, 5, 7, 307, 24421
What are the prime factors of 1331723870?
2, 5, 19, 41, 170953
What are the prime factors of 51808007?
29, 1786483
List the prime factors of 364072445.
5, 11, 83, 173, 461
List the prime factors of 240564497.
811, 296627
What are the prime factors of 357965592?
2, 3, 109, 193, 709
List the prime factors of 1993303760.
2, 5, 7, 631, 5641
What are the prime factors of 2205947278?
2, 1102973639
List the prime factors of 60762360.
2, 3, 5, 113, 4481
List the prime factors of 176766982.
2, 7, 37, 127, 2687
List the prime factors of 1346754701.
1346754701
What are the prime factors of 187160769?
3, 17, 137, 8929
List the prime factors of 3241346572.
2, 19, 42649297
What are the prime factors of 1572149329?
827, 1901027
What are the prime factors of 350294399?
7, 13, 3849389
What are the prime factors of 158407233?
3, 23, 587, 3911
List the prime factors of 22420715.
5, 4484143
What are the prime factors of 6339603?
3, 29, 72869
What are the prime factors of 16812032?
2, 8209
What are the prime factors of 184619462?
2, 92309731
List the prime factors of 30506585.
5, 17, 358901
List the prime factors of 1215400.
2, 5, 59, 103
List the prime factors of 833962268.
2, 17, 421, 29131
List the prime factors of 394782518.
2, 13, 139, 313, 349
List the prime factors of 363851.
17, 1259
List the prime factors of 100226112.
2, 3, 7, 74573
List the prime factors of 592245503.
4513, 131231
What are the prime factors of 8839383?
3, 7, 23, 18301
What are the prime factors of 7737705?
3, 5, 107, 1607
What ar